pose 5345 = 4*y + 5*i + 1854, i + z = 4*y. Is y prime?
False
Suppose 2*x - 3 = 31. Let l(f) = x*f - 10*f - 4 + 559*f**2 + 119*f**2. Is l(2) prime?
False
Suppose 2*m - 6 = -m, 4 = 2*g - m. Suppose 0 = w - 4*f - 5449, -g*w = -2*f - 3990 - 12407. Is w a composite number?
True
Let v = -1191065 - -2345874. Is v a prime number?
False
Suppose 5*p + 60 = w - 164, 0 = -3*p - 5*w - 112. Let f = 42 + p. Is (-3)/f*(-4 + (-1690)/(-15)) prime?
True
Suppose -631019 = -3*v - 4*y + 919064, -2*v - y + 1033392 = 0. Is v a prime number?
False
Suppose -3*r + 2*o + 796431 = 0, 3*r - 3*o + 69528 = 865968. Is r prime?
True
Suppose 121*f + 293325 = 124*f + 2*c, 0 = -5*f - 3*c + 488873. Is f composite?
False
Let s = -403372 - -842309. Is s composite?
False
Let m be (4 - 8)*(-95965)/(-20)*-1. Suppose 0 = -12*q - m + 53021. Is q a prime number?
True
Let b(h) = 245*h - 49 + 573*h + 18*h. Let y = 85 - 75. Is b(y) prime?
True
Let b = -39 - -39. Suppose b = 4*c - 2*c - 10. Suppose -3*d + 154 + 459 = c*i, -2*i + 607 = 3*d. Is d a prime number?
False
Let y be 1256 + -3 + (2 - (-2 - -6)). Suppose -1708 = -5*t + 3*t. Let r = y - t. Is r a composite number?
False
Let d be -2*1 + (-49)/(-35)*5. Suppose 2*z - 5*h + 75 = 0, -186 + 45 = d*z + 3*h. Is 6 + 185/z - 4039/(-6) a prime number?
True
Suppose -i = -v - 4566 - 47148, 0 = i - 5*v - 51718. Is i a composite number?
False
Suppose -11*a = -7 - 48. Suppose 2*m - 29 = a*u, -5*m - u + 119 - 6 = 0. Is m a prime number?
False
Let n = -115869 - -398738. Is n a composite number?
False
Suppose 5*m + 4*s = 483135, 4*s + 266313 = 4*m - 120231. Is m a prime number?
False
Let r(x) = 9360*x + 1297. Is r(6) a composite number?
False
Let l = 5122 - 2898. Let s = l - 318. Is s composite?
True
Suppose -2*d = 3*z - 7053, 2350 = z + 234*d - 233*d. Is z composite?
True
Suppose -2*t + 294315 = b, 5*b - t + 321674 = 1793227. Is b a composite number?
False
Let j(r) = 430*r - 1517. Is j(17) composite?
True
Suppose -5*g + 10 = -5. Suppose -g*p - 13 + 25 = 0. Is (-12)/42 - p/((-56)/12618) a composite number?
True
Let k(l) = 256*l**2 + 16*l - 841. Is k(23) a prime number?
True
Let m(x) = 7*x + 38. Let s be m(-5). Suppose 4*c = -n + 11, s*c - 6*c - 3*n - 3 = 0. Suppose h = 5*k + 6*h - 14635, -8 = c*h. Is k composite?
True
Let t = 859 - 245. Suppose -4*r + 2469 = 5*m, m - 2 - t = -r. Is r composite?
True
Let n(f) = 4*f - 20. Let v be n(19). Suppose -49*g - 18683 = -v*g. Is g a composite number?
True
Suppose q - 4*k - 40103 = 0, -80178 = -2*q + 12*k - 11*k. Is q a prime number?
True
Suppose 9*t = -3*g - 2*g + 2210303, -5*t + 5*g = -1227915. Is t prime?
True
Let w = 196350 - -65329. Is w a prime number?
False
Let a(x) = 4*x**3 - 245*x**2 - 34*x + 121. Is a(64) a prime number?
False
Let u(k) = -175*k. Let d be u(-2). Suppose 14*y = -716 + 5546. Let l = d + y. Is l prime?
False
Let q(n) = 7*n**3 - 2*n**2 + 21. Let r(c) = -4*c**3 + c**2 - 11. Let l(h) = 6*q(h) + 11*r(h). Let u be l(-5). Let i = u - 147. Is i a prime number?
True
Let p(b) = -175*b**3 - 2*b**2 + 5 - 8 + 4*b + 1 - 40*b**3. Is p(-3) a prime number?
False
Is -1 - 31546/(-2) - (6 + -3)*1 a prime number?
False
Suppose 546*k = 548*k - 14, 5*k = -n + 198108. Is n a prime number?
True
Suppose -7*f + 48 = 9*f. Let d(v) = 4*v**3 + 9*v + 3. Let q be d(f). Suppose -4*z + 3*j = -q - 7415, 4*z = -3*j + 7559. Is z a prime number?
True
Let l(x) = 14*x**2 + 36*x - 34. Let d be l(14). Is d/5*17/((-340)/(-250)) a composite number?
True
Let r = -38 - -41. Let n(h) = 165*h**2 + 3*h - 6. Let p be n(r). Suppose -4*s = -3*o + 2239, 5*s + 0*s + p = 2*o. Is o a composite number?
True
Is (12/(-8))/(9/(-281406)) a prime number?
True
Let u = -13 - 17. Let z = -35 - u. Is (-674)/(-5)*1*z/(-2) prime?
True
Is (-1 - -1)/(17 + -15) + 669939 composite?
True
Let p(f) = -96388*f**3 - 151*f - 150. Is p(-1) a prime number?
False
Suppose -56*h = -53*h - 21573. Let b = 13329 - h. Suppose -4*v + b = -4*i - i, 3*v - 4621 = -5*i. Is v a composite number?
True
Let y(c) = c + 14. Let h be y(-15). Let w be (-65)/(-13)*(-1)/h. Suppose w*t = 4*b + 1027, 2*t = -b + 212 + 191. Is t a prime number?
False
Let d = 241 - 1788. Is (14 - d)*1/(2/2) a prime number?
False
Let r = -29983 - -30636. Is r a composite number?
False
Let t be (1 + 0)/4 - (-11)/4. Suppose 3*j - 2*v - 34527 = -1308, 4*v = -t*j + 33201. Is j a composite number?
False
Let g be (-1192 + 1)*(-96)/144. Suppose -9406 = g*x - 796*x. Is x composite?
False
Let b = 29785 - 13994. Is b composite?
False
Let z = 130107 - 45170. Is z prime?
False
Let w(c) be the third derivative of -c**5/20 + 3*c**4/8 + 5*c**3/6 - 11*c**2. Let u be w(-5). Let j = 194 + u. Is j prime?
True
Let t = 30 - 28. Suppose t*h + 4*h - 6 = 0. Let y(z) = 111*z - 2. Is y(h) prime?
True
Let k(i) = 233*i**3 - 2*i**2 + 7*i + 1. Let p be k(4). Suppose 0 = -5*n + 4*t + p, -5*t = 10*n - 7*n - 8938. Is n composite?
True
Let y(r) = 224*r + 3 + 330*r + 126*r - 48*r. Let x = 24 - 19. Is y(x) prime?
True
Suppose -7*k + 13*k = 12. Suppose 0 = 5*m - 3*f - k, m + m + 3*f + 16 = 0. Is ((-1285)/(-2))/(m + (-5)/(-2)) a composite number?
True
Let i(s) = s**2 + 22*s + 123. Let y be i(-12). Let v = 19 + -17. Suppose -4*w = -5*t + 8617, v*t + t - 5172 = y*w. Is t a prime number?
True
Is (2 + 91/(-42))*3 + 172119/2 a composite number?
True
Let t(r) = -2*r**2 + 14*r - 2. Let l be t(6). Suppose -2 = 4*q + 3*b - 4, -2*q + 4*b - l = 0. Is (-2)/((-104)/(-53) - (q - -3)) a prime number?
True
Let b be (13 - 12)/(1/3). Suppose 2*p - 3*p - 4*z = -6601, b*z - 6596 = -p. Suppose 6*f - p = -2579. Is f a prime number?
False
Suppose 5*y - 613 - 82 = 0. Let i be ((-3)/(-3) + 0)*(y - 2). Suppose 248 = 5*h - i. Is h a prime number?
False
Let d be (-522421)/7 + (-56)/(-98). Let h = d - -153926. Is h prime?
False
Suppose 0 = -58*r - 155*r + 24312459. Is r a composite number?
False
Let a(i) = 124*i**2 - 32*i - 283. Is a(-14) prime?
True
Suppose -121 + 15 = 2*g. Let j = g + 55. Is -86*(45/(-14) - j/7) a prime number?
False
Suppose -u - 2*w = -7 - 9, -w + 98 = 5*u. Suppose -x + 39945 = 4*x - 4*m, 0 = 4*m + u. Is x composite?
True
Suppose -3*b + 22 = -13*m + 8*m, 4*b = 2*m + 20. Suppose b*h - 856 = 10596. Is h a composite number?
True
Suppose y = 9, 94904 = v - 2*y - 83145. Is v prime?
True
Suppose -1330 = -5*b - c, 0 = 5*b - 4*c - 0*c - 1305. Let s = b + -154. Suppose 0 = -4*o + o + s. Is o prime?
True
Let x be (-2)/(4 + 4) - (-9714)/8. Let f be 6/(0 + 4 - 4852/x). Suppose -4*j = -f - 2503. Is j composite?
True
Let s = 10332 + 2882. Is s prime?
False
Let h(p) = -p**3 - 17*p**2 + 2*p - 1. Let m be h(-16). Let x = 342 - m. Is x prime?
True
Let s(g) be the first derivative of 29*g**4/4 + g**3 - 7*g**2 + 7*g - 42. Is s(5) a composite number?
False
Let b(p) = 2*p**2 + 17*p + 8. Let d be b(-8). Suppose d = 4*m - 4*w - 40, w - 54 - 1 = -4*m. Let n(k) = 52*k - 41. Is n(m) composite?
True
Let d = 59 + -59. Let o(c) = d*c + 1529 + 113 + 3*c. Is o(0) prime?
False
Let t = 559782 - 276195. Is t prime?
False
Let k(f) = 122*f - 1141. Is k(40) a prime number?
True
Let b(j) = -j**2 - 16*j - 6. Let g be b(-15). Is 15*1*(906/g - 3) a composite number?
True
Let y be (701 + -2)*(-15)/(-9). Suppose 2*h + 1446 = -3*h - 4*f, -4*h = -5*f + y. Is h/(-5) + (-2 - 1) prime?
False
Let a = -963 - -4155. Suppose -a = -4*o - 5*g, 2*g - 797 = -o + g. Is o composite?
True
Suppose 1606*j - 15211424 = 1574*j. Is j a prime number?
False
Let b be (-11798 + (0 - -5))/(-3). Let h = b + -108. Is h a prime number?
True
Suppose 3*g = -n - 5, g - 3 - 6 = -3*n. Suppose -21270 = -n*k - k. Suppose k = -11*m + 11965. Is m a composite number?
False
Let h(u) = 2846*u**2 - 206*u - 1499. Is h(-7) prime?
True
Let u(v) = -327*v - 5. Let n be u(-1). Suppose 4*q + 3*g = 4*g + n, -4*q - 4*g + 312 = 0. Let h = q - -69. Is h composite?
False
Suppose -11*f - 109330 = -12*f - q, 3*q = 2*f - 218680. Is f composite?
True
Let c = -132 - -132. Suppose c = 2*i + 5*f - 2537, 4*i - 7*i + 3810 = 3*f. Is i prime?
False
Suppose -258*h + 29732518 + 69533240 = 0. Is h composite?
False
Let s(i) = 16*i + 99. Let d be s(-6). Suppose 3*a - d*j - 761 = -5*j, -j = -4*a + 1000. Is a prime?
True
Is (78 + -13)/(-13) + 86074/1 prime?
True
Suppose -3*r + 8*r - 5*p - 291565 = 0, -p - 4 = 0. Is r a composite number?
False
Suppose 6*t = 4*t + 508. Let